{"id":7,"date":"2025-10-08T10:38:19","date_gmt":"2025-10-08T10:38:19","guid":{"rendered":"https:\/\/andrinrichli.ch\/?page_id=7"},"modified":"2025-12-10T13:21:06","modified_gmt":"2025-12-10T12:21:06","slug":"home","status":"publish","type":"page","link":"https:\/\/andrinrichli.ch\/","title":{"rendered":"Home"},"content":{"rendered":"\n<div class=\"wp-block-cover\" style=\"padding-bottom:180px;min-height:563px;aspect-ratio:unset;\"><img decoding=\"async\" class=\"wp-block-cover__image-background wp-image-34\" alt=\"\" src=\"https:\/\/andrinrichli.ch\/wp-content\/themes\/zeever\/assets\/img\/background.webp\" style=\"object-position:72% 99%\" data-object-fit=\"cover\" data-object-position=\"72% 99%\"\/><span aria-hidden=\"true\" class=\"wp-block-cover__background has-background-dim-0 has-background-dim\"><\/span><div class=\"wp-block-cover__inner-container is-layout-flow wp-block-cover-is-layout-flow\">\n<div class=\"wp-block-group is-layout-constrained wp-container-core-group-is-layout-bc9e83dc wp-block-group-is-layout-constrained\" style=\"padding-top:200px\">\n<div class=\"wp-block-columns is-layout-flex wp-container-core-columns-is-layout-28f84493 wp-block-columns-is-layout-flex\">\n<div class=\"wp-block-column is-layout-flow wp-block-column-is-layout-flow\" style=\"flex-basis:700px\">\n<h1 class=\"wp-block-heading zeever-animate zeever-move-right zeever-delay-1 has-zeever-secondary-color has-text-color has-tiny-font-size\" style=\"margin-right:0px;margin-bottom:40px;font-style:normal;font-weight:500;line-height:1.2;text-transform:capitalize\">Eine Website, viele Ideen.<\/h1>\n\n\n\n<h1 class=\"wp-block-heading zeever-animate zeever-move-right zeever-delay-3 has-zeever-primary-color has-text-color has-heading-1-font-size\" style=\"margin-top:23px;margin-right:0px;font-style:normal;font-weight:700;line-height:1.2;text-transform:capitalize\">Willkommen auf Andrin&#8217;s Website<\/h1>\n\n\n\n<p><\/p>\n<\/div>\n\n\n\n<div class=\"wp-block-column is-layout-flow wp-block-column-is-layout-flow\"><\/div>\n<\/div>\n<\/div>\n\n\n\n<p><\/p>\n<\/div><\/div>\n\n\n\n<div class=\"wp-block-group is-style-customborderhover zeever-animate zeever-move-up zeever-delay-5 has-background is-layout-flow wp-block-group-is-layout-flow\" style=\"background-color:#121212;padding-top:50px;padding-right:30px;padding-bottom:50px;padding-left:30px\">\n<figure class=\"wp-block-image size-full is-resized\"><img decoding=\"async\" src=\"https:\/\/andrinrichli.ch\/wp-content\/themes\/zeever\/assets\/img\/creative.webp\" alt=\"\" class=\"wp-image-129\" style=\"width:50px;height:50px\"\/><\/figure>\n\n\n\n<h2 class=\"wp-block-heading has-text-align-left has-zeever-primary-color has-text-color\" style=\"margin-top:30px;font-size:28px;font-style:normal;font-weight:600\">Ideen, Projekte, L\u00f6sungen<\/h2>\n\n\n\n<p class=\"has-text-align-left has-zeever-bodytext-color has-text-color\">Auf dieser Website m\u00f6chte ich einige Ideen und Projekte umsetzen und aufzeigen. Falls Sie etwas anspricht, oder ich Ihnen weiterhelfen kann, d\u00fcrfen Sie mich gerne kontaktieren.<\/p>\n<\/div>\n\n\n\n<div class=\"wp-block-group has-zeever-bgsoft-background-color has-background is-layout-constrained wp-container-core-group-is-layout-22177b6a wp-block-group-is-layout-constrained\" style=\"padding-top:100px;padding-bottom:100px\">\n<div class=\"wp-block-columns is-layout-flex wp-container-core-columns-is-layout-28f84493 wp-block-columns-is-layout-flex\">\n<div class=\"wp-block-column is-layout-flow wp-block-column-is-layout-flow\">\n<div class=\"wp-block-group is-layout-flow wp-block-group-is-layout-flow\">\n<div class=\"wp-block-columns is-layout-flex wp-container-core-columns-is-layout-28f84493 wp-block-columns-is-layout-flex\">\n<div class=\"wp-block-column is-layout-flow wp-block-column-is-layout-flow\">\n<h2 class=\"wp-block-heading has-text-align-left is-style-lineseparator zeever-animate zeever-move-right zeever-delay-1 has-zeever-primary-color has-text-color has-heading-2-font-size\">Kompetenzen<\/h2>\n\n\n\n<h2 class=\"wp-block-heading has-text-align-left zeever-animate zeever-move-right zeever-delay-3 has-zeever-secondary-color has-text-color has-tiny-font-size\" style=\"font-style:normal;font-weight:500;text-transform:uppercase\">Mit diesen kompetenzen stehe ich ihnen gerne zur verf\u00fcgung<\/h2>\n<\/div>\n\n\n\n<div class=\"wp-block-column is-layout-flow wp-block-column-is-layout-flow\"><\/div>\n<\/div>\n<\/div>\n\n\n\n<div class=\"wp-block-group zeever-animate zeever-move-up zeever-delay-3 is-layout-constrained wp-container-core-group-is-layout-32cee7d8 wp-block-group-is-layout-constrained\" style=\"padding-top:40px\">\n<div class=\"wp-block-columns is-layout-flex wp-container-core-columns-is-layout-28f84493 wp-block-columns-is-layout-flex\">\n<div class=\"wp-block-column is-style-customborderbottomhover zeever-animate zeever-move-up zeever-delay-1 has-background is-layout-flow wp-block-column-is-layout-flow\" style=\"background-color:#121212;padding-top:50px;padding-right:40px;padding-bottom:50px;padding-left:40px\">\n<figure class=\"wp-block-image size-full is-resized\"><img decoding=\"async\" src=\"https:\/\/andrinrichli.ch\/wp-content\/themes\/zeever\/assets\/img\/strategy.webp\" alt=\"\" class=\"wp-image-135\" style=\"width:50px;height:50px\"\/><\/figure>\n\n\n\n<h2 class=\"wp-block-heading has-text-align-left has-zeever-primary-color has-text-color has-heading-3-font-size\" style=\"margin-top:30px;margin-bottom:20px\">Drohnenflug<\/h2>\n\n\n\n<p class=\"has-text-align-left has-zeever-bodytext-color has-text-color\" style=\"font-size:14px\">Drohnenflug-Auftr\u00e4ge mit einer DJI Phantom 4. Falls gew\u00fcnscht auch mit anderen Drohnen der Kategorie A1\/A3.<\/p>\n<\/div>\n\n\n\n<div class=\"wp-block-column is-style-customborderbottom zeever-animate zeever-move-up zeever-delay-3 has-zeever-secondary-background-color has-background is-layout-flow wp-block-column-is-layout-flow\" style=\"padding-top:50px;padding-right:40px;padding-bottom:0px;padding-left:40px\">\n<figure class=\"wp-block-image size-full is-resized\"><img decoding=\"async\" src=\"https:\/\/andrinrichli.ch\/wp-content\/themes\/zeever\/assets\/img\/ui-design.webp\" alt=\"\" class=\"wp-image-130\" style=\"width:50px;height:50px\"\/><\/figure>\n\n\n\n<h2 class=\"wp-block-heading has-text-align-left has-black-color has-text-color has-heading-3-font-size\" style=\"margin-top:20px;font-style:normal;font-weight:600\">Konstruktionsarbeit<\/h2>\n\n\n\n<p class=\"has-text-align-left has-zeever-bgsoft-color has-text-color\">Erfahrung in der Konstruktion und Entwicklung von mechanischen Bauteilen.<\/p>\n<\/div>\n\n\n\n<div class=\"wp-block-column is-style-customborderbottomhover zeever-animate zeever-move-up zeever-delay-5 has-background is-layout-flow wp-block-column-is-layout-flow\" style=\"background-color:#121212;padding-top:50px;padding-right:40px;padding-bottom:50px;padding-left:40px\">\n<figure class=\"wp-block-image size-full is-resized\"><img decoding=\"async\" src=\"https:\/\/andrinrichli.ch\/wp-content\/themes\/zeever\/assets\/img\/content.webp\" alt=\"\" class=\"wp-image-133\" style=\"width:50px;height:50px\"\/><\/figure>\n\n\n\n<h2 class=\"wp-block-heading has-text-align-left has-zeever-primary-color has-text-color has-heading-3-font-size\" style=\"margin-top:30px;margin-bottom:20px;font-style:normal;font-weight:600\">3D-Druck<\/h2>\n\n\n\n<p class=\"has-text-align-left has-zeever-bodytext-color has-text-color\" style=\"font-size:14px\">Falls Sie etwas aus dem 3D \u2013 Drucker ben\u00f6tigen, laden Sie mir gerne eine STL Datei hoch. In Absprache kann ich Ihr Bauteil ausdrucken.<\/p>\n<\/div>\n<\/div>\n<\/div>\n\n\n\n<div class=\"wp-block-group zeever-animate zeever-move-up zeever-delay-3 is-layout-constrained wp-container-core-group-is-layout-32cee7d8 wp-block-group-is-layout-constrained\" style=\"padding-top:40px\">\n<div class=\"wp-block-columns is-layout-flex wp-container-core-columns-is-layout-28f84493 wp-block-columns-is-layout-flex\">\n<div class=\"wp-block-column is-style-customborderbottomhover zeever-animate zeever-move-up zeever-delay-1 has-background is-layout-flow wp-block-column-is-layout-flow\" style=\"background-color:#121212;padding-top:50px;padding-right:40px;padding-bottom:50px;padding-left:40px\">\n<figure class=\"wp-block-image size-full is-resized\"><img decoding=\"async\" src=\"https:\/\/andrinrichli.ch\/wp-content\/themes\/zeever\/assets\/img\/marketing.webp\" alt=\"\" class=\"wp-image-131\" style=\"width:50px;height:50px\"\/><\/figure>\n\n\n\n<h2 class=\"wp-block-heading has-text-align-left has-zeever-primary-color has-text-color has-heading-3-font-size\" style=\"margin-top:20px;font-style:normal;font-weight:600\">Musikprojekte<\/h2>\n\n\n\n<p class=\"has-text-align-left has-zeever-bodytext-color has-text-color\">Musik ist meine grosse Leidenschaft. Gerne Unterst\u00fctze ich ihr Projekt mit Gesang, Drums oder Gitarre.<\/p>\n<\/div>\n\n\n\n<div class=\"wp-block-column is-style-customborderbottomhover zeever-animate zeever-move-up zeever-delay-3 has-background is-layout-flow wp-block-column-is-layout-flow\" style=\"background-color:#121212;padding-top:50px;padding-right:40px;padding-bottom:50px;padding-left:40px\">\n<figure class=\"wp-block-image size-full is-resized\"><img decoding=\"async\" src=\"https:\/\/andrinrichli.ch\/wp-content\/themes\/zeever\/assets\/img\/web.webp\" alt=\"\" class=\"wp-image-132\" style=\"width:50px;height:50px\"\/><\/figure>\n\n\n\n<h2 class=\"wp-block-heading has-text-align-left has-zeever-primary-color has-text-color has-heading-3-font-size\" style=\"margin-top:20px;font-style:normal;font-weight:600\">Website Entwicklung<\/h2>\n\n\n\n<p class=\"has-text-align-left has-zeever-bodytext-color has-text-color\">W\u00fcrden Sie gerne eine Website erstellen? Gerne \u00fcbernehme ich f\u00fcr Sie das Hosting und Erstellung<\/p>\n<\/div>\n\n\n\n<div class=\"wp-block-column is-style-customborderbottomhover zeever-animate zeever-move-up zeever-delay-5 has-background is-layout-flow wp-block-column-is-layout-flow\" style=\"background-color:#121212;padding-top:50px;padding-right:40px;padding-bottom:50px;padding-left:40px\">\n<figure class=\"wp-block-image size-full is-resized\"><img decoding=\"async\" src=\"https:\/\/andrinrichli.ch\/wp-content\/themes\/zeever\/assets\/img\/social-media.webp\" alt=\"\" class=\"wp-image-134\" style=\"width:50px;height:50px\"\/><\/figure>\n\n\n\n<h2 class=\"wp-block-heading has-text-align-left has-zeever-primary-color has-text-color has-heading-3-font-size\" style=\"margin-top:20px;font-style:normal;font-weight:600\">Shuttlefahrer<\/h2>\n\n\n\n<p class=\"has-text-align-left has-zeever-bodytext-color has-text-color\">Sie suchen nach einem motivierten und zuverl\u00e4ssigen Shuttlefahrer? Melden Sie sich bei mir;)<\/p>\n<\/div>\n<\/div>\n<\/div>\n<\/div>\n<\/div>\n<\/div>\n","protected":false},"excerpt":{"rendered":"<p>Ideen, Projekte, L\u00f6sungen Auf dieser Website m\u00f6chte ich einige Ideen und Projekte umsetzen und aufzeigen. Falls Sie etwas anspricht, oder ich Ihnen weiterhelfen kann, d\u00fcrfen Sie mich gerne kontaktieren. Kompetenzen Mit diesen kompetenzen stehe ich ihnen gerne zur verf\u00fcgung Drohnenflug Drohnenflug-Auftr\u00e4ge mit einer DJI Phantom 4. Falls gew\u00fcnscht auch mit anderen Drohnen der Kategorie A1\/A3. Konstruktionsarbeit Erfahrung in der Konstruktion und Entwicklung von mechanischen Bauteilen. 3D-Druck Falls Sie etwas aus dem 3D \u2013 Drucker ben\u00f6tigen, laden Sie mir gerne eine STL Datei hoch. In Absprache kann ich Ihr Bauteil ausdrucken. Musikprojekte Musik ist meine grosse Leidenschaft. Gerne Unterst\u00fctze ich ihr<\/p>\n","protected":false},"author":1,"featured_media":0,"parent":0,"menu_order":0,"comment_status":"closed","ping_status":"closed","template":"","meta":{"footnotes":""},"class_list":["post-7","page","type-page","status-publish","hentry"],"_links":{"self":[{"href":"https:\/\/andrinrichli.ch\/index.php?rest_route=\/wp\/v2\/pages\/7","targetHints":{"allow":["GET"]}}],"collection":[{"href":"https:\/\/andrinrichli.ch\/index.php?rest_route=\/wp\/v2\/pages"}],"about":[{"href":"https:\/\/andrinrichli.ch\/index.php?rest_route=\/wp\/v2\/types\/page"}],"author":[{"embeddable":true,"href":"https:\/\/andrinrichli.ch\/index.php?rest_route=\/wp\/v2\/users\/1"}],"replies":[{"embeddable":true,"href":"https:\/\/andrinrichli.ch\/index.php?rest_route=%2Fwp%2Fv2%2Fcomments&post=7"}],"version-history":[{"count":15,"href":"https:\/\/andrinrichli.ch\/index.php?rest_route=\/wp\/v2\/pages\/7\/revisions"}],"predecessor-version":[{"id":192,"href":"https:\/\/andrinrichli.ch\/index.php?rest_route=\/wp\/v2\/pages\/7\/revisions\/192"}],"wp:attachment":[{"href":"https:\/\/andrinrichli.ch\/index.php?rest_route=%2Fwp%2Fv2%2Fmedia&parent=7"}],"curies":[{"name":"wp","href":"https:\/\/api.w.org\/{rel}","templated":true}]}}